 What is the highest common divisor of s and d?
33
Suppose -8*m + 141 = 93. Suppose -m*p + 240 = -3*p. What is the greatest common divisor of 10 and p?
10
Suppose 63*o + o - 11154 = 17070. Calculate the greatest common divisor of 196 and o.
49
Let n(b) = -50*b + 74. Let d be n(7). Let r = -220 - d. What is the highest common factor of 84 and r?
28
Let n(w) = 2*w**2 + 13*w. Let t be n(-9). Suppose -3*p - t = -3*s, 5*s - p - 57 = -2*p. Calculate the highest common factor of s and 96.
12
Let z(v) = 247*v + 1013. Let a be z(-4). Calculate the highest common factor of 430 and a.
5
Suppose -61 - 61 = 61*p. Let k(r) = 4*r**2 + 7*r**2 - r**2 - 6*r - 2 - 3*r. Let u be k(p). What is the greatest common factor of 140 and u?
28
Suppose 57 - 51 = t, h - 5*t = 299. Calculate the highest common factor of 94 and h.
47
Suppose 36*z = 4*n + 39*z - 1755, 2*n + 5*z - 881 = 0. Calculate the greatest common factor of 4234 and n.
146
Let t(o) = -8*o + 3. Suppose 2*a = -0*a - 2. Let m be t(a). Suppose -3*i + 0*i = c, -m = -5*i + 2*c. Calculate the greatest common factor of 8 and i.
1
Let i(l) = -65*l + 5. Let a be i(1). Let v = a + 123. Let j be (-6)/5*(-15)/2. What is the highest common divisor of j and v?
9
Suppose -77*b + 4519 = -10345 + 4084. Calculate the highest common factor of b and 378.
14
Let k(u) = 3*u**2 - 76*u + 65. Let w be k(25). What is the highest common factor of w and 3160?
40
Suppose -10*c - 40 = -20*c. Suppose c*h - 9 + 17 = 0, -l = 4*h - 176. What is the greatest common divisor of 23 and l?
23
Suppose -14*w + 9*w + p = -56179, -4*w - 2*p = -44960. Calculate the highest common divisor of w and 17.
17
Let c(d) = 14*d**2 - 3*d + 10. Let r be c(2). Suppose -7*s + s = -r. Calculate the greatest common divisor of s and 170.
10
Suppose -4*b - 35 - 13 = 0. Let t = b - -15. Let j = -8436 + 8445. Calculate the greatest common factor of j and t.
3
Let v(k) = -2*k**3 + k**2 + k. Let r be v(-1). Suppose -2*p + 412 - 72 = r*i, -i = 5*p - 854. Calculate the highest common factor of 9 and p.
9
Let u be (-6)/(-8)*69184/138. Suppose 4*v - 10*v = -282. Calculate the highest common factor of u and v.
47
Suppose 0 = -7*f + 11*f - 80. Let b(z) = -z - f*z**3 - 2*z**2 + 0*z**2 + 18*z**3. Let r be b(-1). What is the greatest common divisor of r and 11?
1
Suppose -2*j + 2*y = -646, -184*y = -187*y - 21. Calculate the greatest common divisor of j and 32.
4
Let g be 2*(-2)/9 - (-484880)/1044. Let u = g - 458. Calculate the highest common divisor of 78 and u.
6
Suppose 204 = 5*l + 704. Let p = -91 - l. Suppose 7*w = 3*w + 108. Calculate the greatest common divisor of p and w.
9
Suppose r = -3*g + 3*r - 1407, 3*r = -5*g - 2345. Let o = g + 511. Calculate the highest common factor of 21 and o.
21
Let p = -63 + 79. Let c be ((0 - 0)/(-2))/(p/(-8)). Suppose c*w = 3*w - 420. Calculate the greatest common divisor of 10 and w.
10
Let o(g) = 18 + 5*g**2 + 4*g**3 - 7*g**2 - 5*g**2 + 4*g - g + 0*g. Let y be o(6). What is the highest common factor of y and 72?
72
Let b be (7 - 243)*(-1)/2*-2. Let o = 635 - 255. Let v = b + o. Calculate the highest common divisor of 16 and v.
16
Suppose 2*t - 2*v - 30 = 0, -5*v + 37 = 3*t - 6*v. Suppose -4*w = a + 8, 14*w = t*w - 12. Let g = 68 - 28. Calculate the highest common factor of a and g.
8
Let v be (21/5 - 3)/((-144)/(-2400)). Calculate the greatest common factor of v and 740.
20
Suppose -407*t - 704 = -409*t. Calculate the greatest common divisor of 416 and t.
32
Suppose 1082 = 3*u + 4*s, -33*s + 364 = u - 31*s. Let j be 1*2 + (u - 41). Calculate the greatest common factor of j and 35.
35
Suppose -556 = x - 214. Let w be ((-42)/4)/(19/x). Calculate the highest common factor of w and 84.
21
Let g = 64 - 28. Suppose -16 = -l - 9. Suppose l*n - 27 = 4*n. Calculate the greatest common divisor of g and n.
9
Let s = 1758 + -1780. Let d(z) = -15*z - 1. Let r be d(-3). Let m = r + s. What is the greatest common factor of 143 and m?
11
Suppose -5*a = -3*r - 0*r + 4566, -5*r + 4*a = -7584. Calculate the highest common divisor of r and 120.
24
Let p = -66 + 69. Let s be (-6)/p - (-10)/(-5). Let v be ((-24)/9)/(s/6). What is the greatest common divisor of v and 10?
2
Let l(u) = 44*u - 362. Let r(k) = 134*k - 1086. Let g(a) = 7*l(a) - 2*r(a). Let j be g(15). What is the greatest common divisor of j and 42?
14
Let c = 554 + -403. Suppose -91 + c = 6*q. What is the highest common divisor of 35 and q?
5
Let m be (-1 - 38)*(-28)/21. Let p(v) = 2*v**3 - 18*v**2 - 41*v + 18. Let u be p(14). What is the greatest common factor of m and u?
52
Let o(u) = 15*u**3 + 4*u**2 - 30*u + 25. Let c be o(1). What is the greatest common factor of c and 273?
7
Suppose -124 = 61*q - 65*q. Suppose -32 = -q*w + 23*w. Suppose -60 = -6*x + x. Calculate the greatest common factor of w and x.
4
Suppose 8*y + 0*y = 16824. Let m be y/27 + (-4)/(-36). Let z(w) = -195*w. Let h be z(-1). What is the highest common divisor of m and h?
39
Suppose 9*c - 518 = -191 + 186. Calculate the greatest common divisor of 6897 and c.
57
Let t(b) = -11*b**2 - 10*b - 16. Let k be t(6). Let z = -435 - k. What is the highest common factor of z and 111?
37
Let y(m) be the third derivative of m**6/120 - 7*m**5/60 - 2*m**4/3 + 2*m**3/3 - 100*m**2. Let u be y(9). What is the highest common divisor of 33 and u?
11
Let t = -305 - -371. What is the highest common divisor of 8 and t?
2
Let k be (-4)/(-20)*3 - 294/(-10). Suppose 46*p - 624 = k*p. Let c(h) = -h + 7. Let z be c(-6). What is the greatest common factor of p and z?
13
Let j be 3*32/10 + (-32)/(-80). Let z = j + 1. Suppose -5 = 2*h - z. Calculate the greatest common divisor of 21 and h.
3
Suppose -69*s + 30*s - 16048 = -56*s. What is the highest common divisor of 118 and s?
118
Let k be -15 - (-18 - -8) - (622/(-2) - 0). Calculate the highest common divisor of 234 and k.
18
Suppose 0 = -5*w - 284 + 59. Let n be (1/((-10)/w))/(9/372). What is the highest common divisor of n and 124?
62
Let a be (-2)/7 + 11067/147. Let h = a - 31. Calculate the greatest common factor of 11 and h.
11
Let j = 1150 - 1102. Let a = -47 + 79. Calculate the greatest common factor of j and a.
16
Let d = 71 - -2. Let t = d + -50. Suppose 230 = 8*y - 6*y. Calculate the greatest common divisor of y and t.
23
Let h = 15875 + -14495. What is the highest common divisor of 2460 and h?
60
Let w be 4 + ((-5)/20 - (-1)/4). Suppose 3*r = 5*o - 1068, 3*r - 860 = -4*o + w*r. What is the greatest common divisor of o and 27?
27
Let l = -553 - -1774. Calculate the highest common divisor of l and 6.
3
Suppose -3*q = -13*q. Suppose 4*u + 2*y - 158 = 0, 2*u - 5*y = -q*u + 85. Calculate the greatest common divisor of 110 and u.
10
Let m = 12526 + -12523. Let j be 4/(-3) + (-3)/(-9). Let v(s) = 2*s**2 + 1. Let z be v(j). What is the highest common divisor of m and z?
3
Suppose -4*c + 2*r + 1390 = 0, -c = 3*r - 425 + 67. Suppose c*k = 351*k - 918. What is the highest common factor of 27 and k?
27
Let n be (72/(-4140)*-713)/((-2)/(-470)). What is the greatest common divisor of 2350 and n?
94
Suppose 0 = -148*b + 149*b + 3*n - 3176, -4*n = 4*b - 12712. Calculate the greatest common divisor of 11 and b.
11
Suppose -118*q - 117 = -131*q. Let n = 93 + 132. What is the greatest common factor of n and q?
9
Let v be (-6 - 1010/15)*-30. Suppose -12*f + 17*f = v. Calculate the highest common factor of 40 and f.
40
Let m(x) = -67*x**2 - 47*x**2 + 115*x**2 + 21*x**3 - 4. Let j be m(2). What is the highest common divisor of j and 42?
42
Let b(n) = 471*n + 363. Let u be b(8). What is the greatest common factor of 51 and u?
51
Suppose -140*q - 3627 = -153*q. Calculate the greatest common divisor of 18 and q.
9
Let s = 217 - 168. Let o = 495 + -250. What is the greatest common factor of o and s?
49
Suppose 164 = 10*f + 144. Suppose -121 - 145 = -f*o. Calculate the highest common factor of 19 and o.
19
Suppose 0 = -2*t - 5*m + 4 + 14, -4*t + 3*m + 10 = 0. Suppose -4*p + 104 = 3*i, t*p = i + 9*p - 31. What is the greatest common factor of i and 27?
9
Let n(b) = 18*b - 569. Let x be n(46). Calculate the greatest common divisor of x and 148.
37
Let g be (-2 + -1)*((-1 - 3) + -419). Suppose -4*s - g = -13*s. Let d be (-1)/(-6) - (-4496)/96. What is the greatest common factor of d and s?
47
Let v(p) = 365*p - 565. Le